{"id":1593,"date":"2023-11-28T18:54:14","date_gmt":"2023-11-28T18:54:14","guid":{"rendered":"https:\/\/sebastianinchauspe.com.ar\/?page_id=1593"},"modified":"2026-03-28T19:50:21","modified_gmt":"2026-03-28T19:50:21","slug":"catarata","status":"publish","type":"page","link":"https:\/\/sebastianinchauspe.com.ar\/index.php\/catarata\/","title":{"rendered":"Catarata"},"content":{"rendered":"\t\t<div data-elementor-type=\"wp-page\" data-elementor-id=\"1593\" class=\"elementor elementor-1593\" data-elementor-post-type=\"page\">\n\t\t\t\t<div class=\"elementor-element elementor-element-f04427f e-flex e-con-boxed e-con e-parent\" data-id=\"f04427f\" data-element_type=\"container\" data-e-type=\"container\">\n\t\t\t\t\t<div class=\"e-con-inner\">\n\t\t\t\t<div class=\"elementor-element elementor-element-042eb4d elementor-widget elementor-widget-spacer\" data-id=\"042eb4d\" data-element_type=\"widget\" data-e-type=\"widget\" data-widget_type=\"spacer.default\">\n\t\t\t\t<div class=\"elementor-widget-container\">\n\t\t\t\t\t\t\t<div class=\"elementor-spacer\">\n\t\t\t<div class=\"elementor-spacer-inner\"><\/div>\n\t\t<\/div>\n\t\t\t\t\t\t<\/div>\n\t\t\t\t<\/div>\n\t\t\t\t<div class=\"elementor-element elementor-element-2b3fedb e-transform elementor-invisible elementor-widget elementor-widget-image\" data-id=\"2b3fedb\" data-element_type=\"widget\" data-e-type=\"widget\" data-settings=\"{&quot;motion_fx_motion_fx_scrolling&quot;:&quot;yes&quot;,&quot;motion_fx_translateY_effect&quot;:&quot;yes&quot;,&quot;_animation&quot;:&quot;fadeIn&quot;,&quot;motion_fx_translateY_affectedRange&quot;:{&quot;unit&quot;:&quot;%&quot;,&quot;size&quot;:&quot;&quot;,&quot;sizes&quot;:{&quot;start&quot;:0,&quot;end&quot;:37}},&quot;motion_fx_devices&quot;:[&quot;desktop&quot;,&quot;tablet&quot;],&quot;motion_fx_motion_fx_mouse&quot;:&quot;yes&quot;,&quot;motion_fx_tilt_effect&quot;:&quot;yes&quot;,&quot;_transform_flipX_effect&quot;:&quot;transform&quot;,&quot;motion_fx_translateY_speed&quot;:{&quot;unit&quot;:&quot;px&quot;,&quot;size&quot;:4,&quot;sizes&quot;:[]},&quot;motion_fx_tilt_speed&quot;:{&quot;unit&quot;:&quot;px&quot;,&quot;size&quot;:4,&quot;sizes&quot;:[]}}\" data-widget_type=\"image.default\">\n\t\t\t\t<div class=\"elementor-widget-container\">\n\t\t\t\t\t\t\t\t\t\t\t\t\t\t\t<img fetchpriority=\"high\" decoding=\"async\" width=\"459\" height=\"414\" src=\"https:\/\/sebastianinchauspe.com.ar\/wp-content\/uploads\/2022\/05\/Uveitis_01.png\" class=\"attachment-medium_large size-medium_large wp-image-583\" alt=\"\" srcset=\"https:\/\/sebastianinchauspe.com.ar\/wp-content\/uploads\/2022\/05\/Uveitis_01.png 459w, https:\/\/sebastianinchauspe.com.ar\/wp-content\/uploads\/2022\/05\/Uveitis_01-300x271.png 300w\" sizes=\"(max-width: 459px) 100vw, 459px\" \/>\t\t\t\t\t\t\t\t\t\t\t\t\t\t\t<\/div>\n\t\t\t\t<\/div>\n\t\t\t\t<div class=\"elementor-element elementor-element-d1486bf elementor-widget elementor-widget-spacer\" data-id=\"d1486bf\" data-element_type=\"widget\" data-e-type=\"widget\" data-widget_type=\"spacer.default\">\n\t\t\t\t<div class=\"elementor-widget-container\">\n\t\t\t\t\t\t\t<div class=\"elementor-spacer\">\n\t\t\t<div class=\"elementor-spacer-inner\"><\/div>\n\t\t<\/div>\n\t\t\t\t\t\t<\/div>\n\t\t\t\t<\/div>\n\t\t\t\t<div class=\"elementor-element elementor-element-8e0d04e elementor-widget elementor-widget-heading\" data-id=\"8e0d04e\" data-element_type=\"widget\" data-e-type=\"widget\" data-widget_type=\"heading.default\">\n\t\t\t\t<div class=\"elementor-widget-container\">\n\t\t\t\t\t<h1 class=\"elementor-heading-title elementor-size-default\">Catarata<\/h1>\t\t\t\t<\/div>\n\t\t\t\t<\/div>\n\t\t\t\t<div class=\"elementor-element elementor-element-a9d3dfe elementor-widget elementor-widget-text-editor\" data-id=\"a9d3dfe\" data-element_type=\"widget\" data-e-type=\"widget\" data-widget_type=\"text-editor.default\">\n\t\t\t\t<div class=\"elementor-widget-container\">\n\t\t\t\t\t\t\t\t\t<p>Dentro de los ojos, hay una especie de lente natural llamado cristalino.<br \/>El cristalino debe ser transparente, pero a veces se opaca, lo que se llama catarata. Esto hace<br \/>que la vista sea borrosa, como si se mirara a trav\u00e9s de un vidrio empa\u00f1ado.<\/p>\t\t\t\t\t\t\t\t<\/div>\n\t\t\t\t<\/div>\n\t\t\t\t<div class=\"elementor-element elementor-element-cee723d elementor-widget elementor-widget-text-editor\" data-id=\"cee723d\" data-element_type=\"widget\" data-e-type=\"widget\" data-widget_type=\"text-editor.default\">\n\t\t\t\t<div class=\"elementor-widget-container\">\n\t\t\t\t\t\t\t\t\t<p>Si te han diagnosticado cataratas, es posible que notes cambios en tu visi\u00f3n, como ver borroso, doble o con menos colores. Tambi\u00e9n podr\u00edas ser m\u00e1s sensible a la luz, especialmente a los faros de los autos durante la noche, o tener dificultades para ver en la oscuridad o al leer.<\/p>\t\t\t\t\t\t\t\t<\/div>\n\t\t\t\t<\/div>\n\t\t\t\t<div class=\"elementor-element elementor-element-4faf10a elementor-widget elementor-widget-spacer\" data-id=\"4faf10a\" data-element_type=\"widget\" data-e-type=\"widget\" data-widget_type=\"spacer.default\">\n\t\t\t\t<div class=\"elementor-widget-container\">\n\t\t\t\t\t\t\t<div class=\"elementor-spacer\">\n\t\t\t<div class=\"elementor-spacer-inner\"><\/div>\n\t\t<\/div>\n\t\t\t\t\t\t<\/div>\n\t\t\t\t<\/div>\n\t\t\t\t<div class=\"elementor-element elementor-element-939788e elementor-widget elementor-widget-image\" data-id=\"939788e\" data-element_type=\"widget\" data-e-type=\"widget\" data-widget_type=\"image.default\">\n\t\t\t\t<div class=\"elementor-widget-container\">\n\t\t\t\t\t\t\t\t\t\t\t\t\t\t\t<img decoding=\"async\" width=\"800\" height=\"530\" src=\"https:\/\/sebastianinchauspe.com.ar\/wp-content\/uploads\/2024\/01\/Parra-Belen-2-1024x678.jpg\" class=\"attachment-large size-large wp-image-1796\" alt=\"\" srcset=\"https:\/\/sebastianinchauspe.com.ar\/wp-content\/uploads\/2024\/01\/Parra-Belen-2-1024x678.jpg 1024w, https:\/\/sebastianinchauspe.com.ar\/wp-content\/uploads\/2024\/01\/Parra-Belen-2-300x199.jpg 300w, https:\/\/sebastianinchauspe.com.ar\/wp-content\/uploads\/2024\/01\/Parra-Belen-2-768x509.jpg 768w, https:\/\/sebastianinchauspe.com.ar\/wp-content\/uploads\/2024\/01\/Parra-Belen-2-1536x1017.jpg 1536w, https:\/\/sebastianinchauspe.com.ar\/wp-content\/uploads\/2024\/01\/Parra-Belen-2-2048x1356.jpg 2048w\" sizes=\"(max-width: 800px) 100vw, 800px\" \/>\t\t\t\t\t\t\t\t\t\t\t\t\t\t\t<\/div>\n\t\t\t\t<\/div>\n\t\t\t\t<div class=\"elementor-element elementor-element-4d5a4d0 elementor-widget elementor-widget-image\" data-id=\"4d5a4d0\" data-element_type=\"widget\" data-e-type=\"widget\" data-widget_type=\"image.default\">\n\t\t\t\t<div class=\"elementor-widget-container\">\n\t\t\t\t\t\t\t\t\t\t\t\t\t\t\t<img decoding=\"async\" width=\"1916\" height=\"1509\" src=\"https:\/\/sebastianinchauspe.com.ar\/wp-content\/uploads\/2024\/01\/215058_20210820_154205_Color_D7000_R_001-1.jpg\" class=\"attachment-full size-full wp-image-1927\" alt=\"\" srcset=\"https:\/\/sebastianinchauspe.com.ar\/wp-content\/uploads\/2024\/01\/215058_20210820_154205_Color_D7000_R_001-1.jpg 1916w, https:\/\/sebastianinchauspe.com.ar\/wp-content\/uploads\/2024\/01\/215058_20210820_154205_Color_D7000_R_001-1-300x236.jpg 300w, https:\/\/sebastianinchauspe.com.ar\/wp-content\/uploads\/2024\/01\/215058_20210820_154205_Color_D7000_R_001-1-1024x806.jpg 1024w, https:\/\/sebastianinchauspe.com.ar\/wp-content\/uploads\/2024\/01\/215058_20210820_154205_Color_D7000_R_001-1-768x605.jpg 768w, https:\/\/sebastianinchauspe.com.ar\/wp-content\/uploads\/2024\/01\/215058_20210820_154205_Color_D7000_R_001-1-1536x1210.jpg 1536w\" sizes=\"(max-width: 1916px) 100vw, 1916px\" \/>\t\t\t\t\t\t\t\t\t\t\t\t\t\t\t<\/div>\n\t\t\t\t<\/div>\n\t\t\t\t<div class=\"elementor-element elementor-element-7437fa2 elementor-widget elementor-widget-spacer\" data-id=\"7437fa2\" data-element_type=\"widget\" data-e-type=\"widget\" data-widget_type=\"spacer.default\">\n\t\t\t\t<div class=\"elementor-widget-container\">\n\t\t\t\t\t\t\t<div class=\"elementor-spacer\">\n\t\t\t<div class=\"elementor-spacer-inner\"><\/div>\n\t\t<\/div>\n\t\t\t\t\t\t<\/div>\n\t\t\t\t<\/div>\n\t\t\t\t\t<\/div>\n\t\t\t\t<\/div>\n\t\t<div class=\"elementor-element elementor-element-53893f3 e-flex e-con-boxed e-con e-parent\" data-id=\"53893f3\" data-element_type=\"container\" data-e-type=\"container\" data-settings=\"{&quot;background_background&quot;:&quot;classic&quot;}\">\n\t\t\t\t\t<div class=\"e-con-inner\">\n\t\t\t\t<div class=\"elementor-element elementor-element-125c1a1 elementor-widget elementor-widget-spacer\" data-id=\"125c1a1\" data-element_type=\"widget\" data-e-type=\"widget\" data-widget_type=\"spacer.default\">\n\t\t\t\t<div class=\"elementor-widget-container\">\n\t\t\t\t\t\t\t<div class=\"elementor-spacer\">\n\t\t\t<div class=\"elementor-spacer-inner\"><\/div>\n\t\t<\/div>\n\t\t\t\t\t\t<\/div>\n\t\t\t\t<\/div>\n\t\t<div class=\"elementor-element elementor-element-e27c174 e-con-full e-flex e-con e-child\" data-id=\"e27c174\" data-element_type=\"container\" data-e-type=\"container\">\n\t\t\t\t<div class=\"elementor-element elementor-element-13297dc elementor-widget elementor-widget-heading\" data-id=\"13297dc\" data-element_type=\"widget\" data-e-type=\"widget\" data-widget_type=\"heading.default\">\n\t\t\t\t<div class=\"elementor-widget-container\">\n\t\t\t\t\t<h2 class=\"elementor-heading-title elementor-size-default\">Aqu\u00ed hay algunas cosas que puedes hacer si tienes Cataratas:<\/h2>\t\t\t\t<\/div>\n\t\t\t\t<\/div>\n\t\t\t\t<\/div>\n\t\t<div class=\"elementor-element elementor-element-c245ec6 e-con-full e-flex e-con e-child\" data-id=\"c245ec6\" data-element_type=\"container\" data-e-type=\"container\">\n\t\t\t\t<div class=\"elementor-element elementor-element-2615fbe elementor-widget elementor-widget-text-editor\" data-id=\"2615fbe\" data-element_type=\"widget\" data-e-type=\"widget\" data-widget_type=\"text-editor.default\">\n\t\t\t\t<div class=\"elementor-widget-container\">\n\t\t\t\t\t\t\t\t\t<ul>\n<li>Programa ex\u00e1menes de la vista cada a\u00f1o si tienes m\u00e1s de 50 a\u00f1os, o cada dos a\u00f1os si eres<br>m\u00e1s joven.<br><br><\/li>\n<li>Protege tus ojos de la luz solar usando gafas de sol que bloqueen al menos el 99% de los<br>rayos UV, y considera usar sombrero.<br><br><\/li>\n<li>Dejar de fumar puede ayudar, ya que fumar aumenta el riesgo de desarrollar cataratas.<br><br><\/li>\n<li>Evita conducir de noche si comienzas a ver halos o si la luz te molesta.<br><br><\/li>\n<li>Cuida cualquier otra condici\u00f3n de salud que tengas, especialmente si padeces diabetes.<br><br><\/li>\n<li>Aseg\u00farate de tener los anteojos o lentes de contacto adecuados para corregir tu visi\u00f3n.<br><br><\/li>\n<\/ul>\n<p><strong>Cuando tus actividades diarias se vuelvan dif\u00edciles de realizar, podr\u00edas considerar la cirug\u00eda de <\/strong><strong>cataratas.<\/strong><\/p>\t\t\t\t\t\t\t\t<\/div>\n\t\t\t\t<\/div>\n\t\t\t\t<\/div>\n\t\t\t\t<div class=\"elementor-element elementor-element-e2004c0 elementor-widget elementor-widget-spacer\" data-id=\"e2004c0\" data-element_type=\"widget\" data-e-type=\"widget\" data-widget_type=\"spacer.default\">\n\t\t\t\t<div class=\"elementor-widget-container\">\n\t\t\t\t\t\t\t<div class=\"elementor-spacer\">\n\t\t\t<div class=\"elementor-spacer-inner\"><\/div>\n\t\t<\/div>\n\t\t\t\t\t\t<\/div>\n\t\t\t\t<\/div>\n\t\t\t\t\t<\/div>\n\t\t\t\t<\/div>\n\t\t<div class=\"elementor-element elementor-element-0a0447e e-flex e-con-boxed e-con e-parent\" data-id=\"0a0447e\" data-element_type=\"container\" data-e-type=\"container\">\n\t\t\t\t\t<div class=\"e-con-inner\">\n\t\t\t\t<div class=\"elementor-element elementor-element-637dd24 elementor-widget elementor-widget-spacer\" data-id=\"637dd24\" data-element_type=\"widget\" data-e-type=\"widget\" data-widget_type=\"spacer.default\">\n\t\t\t\t<div class=\"elementor-widget-container\">\n\t\t\t\t\t\t\t<div class=\"elementor-spacer\">\n\t\t\t<div class=\"elementor-spacer-inner\"><\/div>\n\t\t<\/div>\n\t\t\t\t\t\t<\/div>\n\t\t\t\t<\/div>\n\t\t\t\t<div class=\"elementor-element elementor-element-ce6b5c9 elementor-widget elementor-widget-heading\" data-id=\"ce6b5c9\" data-element_type=\"widget\" data-e-type=\"widget\" data-widget_type=\"heading.default\">\n\t\t\t\t<div class=\"elementor-widget-container\">\n\t\t\t\t\t<h1 class=\"elementor-heading-title elementor-size-default\">Antes de decidir sobre la cirug\u00eda, habla en detalle con tu oftalm\u00f3logo sobre el procedimiento, la preparaci\u00f3n necesaria, el proceso de recuperaci\u00f3n y los posibles riesgos, beneficios y costos.<\/h1>\t\t\t\t<\/div>\n\t\t\t\t<\/div>\n\t\t\t\t<div class=\"elementor-element elementor-element-cd55bf1 elementor-widget elementor-widget-heading\" data-id=\"cd55bf1\" data-element_type=\"widget\" data-e-type=\"widget\" data-widget_type=\"heading.default\">\n\t\t\t\t<div class=\"elementor-widget-container\">\n\t\t\t\t\t<h1 class=\"elementor-heading-title elementor-size-default\">No utilices gotas u otros tratamientos que prometan disolver las cataratas, ya que la \u00fanica manera de eliminarlas es a trav\u00e9s de la cirug\u00eda.<\/h1>\t\t\t\t<\/div>\n\t\t\t\t<\/div>\n\t\t\t\t<div class=\"elementor-element elementor-element-170c08e elementor-widget elementor-widget-spacer\" data-id=\"170c08e\" data-element_type=\"widget\" data-e-type=\"widget\" data-widget_type=\"spacer.default\">\n\t\t\t\t<div class=\"elementor-widget-container\">\n\t\t\t\t\t\t\t<div class=\"elementor-spacer\">\n\t\t\t<div class=\"elementor-spacer-inner\"><\/div>\n\t\t<\/div>\n\t\t\t\t\t\t<\/div>\n\t\t\t\t<\/div>\n\t\t\t\t\t<\/div>\n\t\t\t\t<\/div>\n\t\t\t\t<\/div>\n\t\t","protected":false},"excerpt":{"rendered":"<p>Catarata Dentro de los ojos, hay una especie de lente natural llamado cristalino.El cristalino debe ser transparente, pero a veces se opaca, lo que se llama catarata. Esto haceque la vista sea borrosa, como si se mirara a trav\u00e9s de un vidrio empa\u00f1ado. Si te han diagnosticado cataratas, es posible que notes cambios en tu [&hellip;]<\/p>\n","protected":false},"author":1,"featured_media":583,"parent":0,"menu_order":0,"comment_status":"closed","ping_status":"closed","template":"elementor_header_footer","meta":{"om_disable_all_campaigns":false,"_monsterinsights_skip_tracking":false,"_monsterinsights_sitenote_active":false,"_monsterinsights_sitenote_note":"","_monsterinsights_sitenote_category":0,"footnotes":""},"class_list":["post-1593","page","type-page","status-publish","has-post-thumbnail","hentry"],"aioseo_notices":[],"_links":{"self":[{"href":"https:\/\/sebastianinchauspe.com.ar\/index.php\/wp-json\/wp\/v2\/pages\/1593","targetHints":{"allow":["GET"]}}],"collection":[{"href":"https:\/\/sebastianinchauspe.com.ar\/index.php\/wp-json\/wp\/v2\/pages"}],"about":[{"href":"https:\/\/sebastianinchauspe.com.ar\/index.php\/wp-json\/wp\/v2\/types\/page"}],"author":[{"embeddable":true,"href":"https:\/\/sebastianinchauspe.com.ar\/index.php\/wp-json\/wp\/v2\/users\/1"}],"replies":[{"embeddable":true,"href":"https:\/\/sebastianinchauspe.com.ar\/index.php\/wp-json\/wp\/v2\/comments?post=1593"}],"version-history":[{"count":31,"href":"https:\/\/sebastianinchauspe.com.ar\/index.php\/wp-json\/wp\/v2\/pages\/1593\/revisions"}],"predecessor-version":[{"id":3050,"href":"https:\/\/sebastianinchauspe.com.ar\/index.php\/wp-json\/wp\/v2\/pages\/1593\/revisions\/3050"}],"wp:featuredmedia":[{"embeddable":true,"href":"https:\/\/sebastianinchauspe.com.ar\/index.php\/wp-json\/wp\/v2\/media\/583"}],"wp:attachment":[{"href":"https:\/\/sebastianinchauspe.com.ar\/index.php\/wp-json\/wp\/v2\/media?parent=1593"}],"curies":[{"name":"wp","href":"https:\/\/api.w.org\/{rel}","templated":true}]}}